131?
-120111313
In base 11, what is -2 - 68256a14?
-68256a16
In base 12, what is b0237 - 0?
b0237
In base 12, what is a718a8b + 3?
a718a92
In base 9, what is 6021 + -4444?
1466
In base 6, what is -5 + -2213505?
-2213514
In base 7, what is -5635056 + -46?
-5635135
In base 2, what is 110000 + 11110011101110011001?
11110011101111001001
In base 6, what is 145252 - 4020?
141232
In base 13, what is 4 + -36cb790?
-36cb789
In base 15, what is -cb8774c - 3?
-cb87750
In base 8, what is -4314227 - 25?
-4314254
In base 3, what is -102010011 - 102212?
-102120000
In base 4, what is 330210222203020 + 10?
330210222203030
In base 15, what is 1444b7 + -2d?
144489
In base 8, what is -1 + -104604744?
-104604745
In base 5, what is 2040130 + 303?
2040433
In base 9, what is -14 - 635110?
-635124
In base 11, what is -2 + 885893?
885891
In base 5, what is -102004 - -23001?
-24003
In base 6, what is -4 - 1114423223?
-1114423231
In base 14, what is cc8c + 516b?
14019
In base 3, what is 100 + -1021222220112?
-1021222220012
In base 11, what is -2676 + 38306?
35740
In base 12, what is -b04805 - -1bb?
-b04606
In base 9, what is 10105 + 207?
10313
In base 7, what is 312 + 454262?
454604
In base 2, what is 101001 + -110010101001111010111?
-110010101001110101110
In base 12, what is 18694454 + -4?
18694450
In base 12, what is 18 + -a114422?
-a114406
In base 11, what is -72a36 - 92?
-73018
In base 7, what is 3 - 103506416?
-103506413
In base 4, what is -1101 - 11323120?
-11330221
In base 15, what is -1537db2e + 5?
-1537db29
In base 8, what is 2035112 + -64?
2035026
In base 4, what is -2020212 - -1013320?
-1000232
In base 6, what is 42 - -200504245?
200504331
In base 7, what is 5120505 + 4?
5120512
In base 3, what is -202222 - 202112222112?
-202120202111
In base 4, what is -131211223001 - 10?
-131211223011
In base 13, what is 328 + 17cc06?
180231
In base 7, what is -21362523 - 4?
-21362530
In base 14, what is -60 + -129105?
-129165
In base 6, what is 450 + 345311140?
345312030
In base 6, what is 3521534120 - 1?
3521534115
In base 11, what is -24134a1a - 8?
-24134a27
In base 16, what is -2 - a4525?
-a4527
In base 16, what is -21 + -921e65?
-921e86
In base 6, what is 14441010 + 2440?
14443450
In base 9, what is 0 + -60883350?
-60883350
In base 10, what is 52192815 - -1?
52192816
In base 16, what is -2f + e930?
e901
In base 14, what is 1a3 - 15dba?
-15c17
In base 15, what is -230d4544 - 4?
-230d4548
In base 11, what is 161 - -6673?
6824
In base 5, what is -1110014403 + -323?
-1110020231
In base 4, what is 3211 - -3310232321?
3310302132
In base 10, what is 97 + -1229307?
-1229210
In base 4, what is -2202320001311 - -12?
-2202320001233
In base 8, what is 37 - -527153?
527212
In base 15, what is -39ce8c - c?
-39ce99
In base 13, what is 38b61681 - 1?
38b61680
In base 16, what is -4 + -1a949a?
-1a949e
In base 10, what is 29 - -484275?
484304
In base 12, what is 10 + 366300?
366310
In base 15, what is 1866 + 1bc04?
1d56a
In base 14, what is 1d92 - -1a7b5?
1c767
In base 16, what is -50ff + -2d5?
-53d4
In base 2, what is 10 + -1101010100110010110111?
-1101010100110010110101
In base 14, what is -1 - 726288?
-726289
In base 7, what is 1156 + -425?
431
In base 6, what is 4 + -2204020210?
-2204020202
In base 5, what is -10 - -32300440140?
32300440130
In base 4, what is 11203220 - -3220?
11213100
In base 10, what is 819675653 - 2?
819675651
In base 9, what is 106168 - -2112?
108281
In base 14, what is 4 + -2ac412?
-2ac40c
In base 12, what is 383a087 + -6?
383a081
In base 9, what is -645 - -211131?
210375
In base 2, what is -11010011111110111 + 1010100000000?
-11001001011110111
In base 11, what is -21 + -3a174?
-3a195
In base 6, what is 3 - -2225214222?
2225214225
In base 12, what is 12 - -10345146?
10345158
In base 4, what is 12133130331 - -20?
12133131011
In base 13, what is 4667 + -24ab?
2189
In base 15, what is 1b2ed0 + 7?
1b2ed7
In base 14, what is -389b + 358?
-3543
In base 2, what is -1101001000111 + 1001000100000?
-100000100111
In base 11, what is 1777275 + 7?
1777281
In base 8, what is 6450 - -615?
7265
In base 14, what is -1781a54a + -3?
-1781a54d
In base 13, what is 3 - 2bb8661a?
-2bb86617
In base 2, what is 11110011 - 1110111110001011?
-1110111010011000
In base 3, what is 201200001 + 211000?
202111001
In base 8, what is 34401110 + -55?
34401033
In base 8, what is 3202 - -425025?
430227
In base 8, what is 24 - -17116555?
17116601
In base 15, what is -e0 - -70dcb?
70cdb
In base 12, what is 3 + -37a0a822?
-37a0a81b
In base 16, what is -b35 - -1f0f0?
1e5bb
In base 5, what is 3114 + 14332134?
14340303
In base 7, what is 1 - 3323122?
-3323121
In base 15, what is -e8ee097 - 5?
-e8ee09c
In base 5, what is 2001201340 - -121?
2001202011
In base 13, what is 1061c469 + -4?
1061c465
In base 6, what is -542055435 - -1?
-542055434
In base 7, what is 60 - -206652363?
206652453
In base 11, what is 2513a - -7?
25146
In base 3, what is 0 - 11200122211121222?
-11200122211121222
In base 5, what is 42111 - 121230?
-24114
In base 16, what is 5153b - -1e?
51559
In base 14, what is 3d8795b - -3?
3d87960
In base 16, what is 15000 - 2a1?
14d5f
In base 14, what is -9b + -5d365?
-5d422
In base 12, what is 632 - 10412?
-b9a0
In base 5, what is 133031 - 11031?
122000
In base 10, what is -374994 + 339?
-374655
In base 5, what is 3142 - 111204210?
-111201013
In base 12, what is 0 + 67187a?
67187a
In base 7, what is -2210652 - -1?
-2210651
In base 16, what is 19 + -2e7?
-2ce
In base 11, what is 6988 + -12?
6976
In base 2, what is -1 + 10111100000010111000110?
10111100000010111000101
In base 3, what is -20 + -2120122221201?
-2120122221221
In base 6, what is 1 + 124023404?
124023405
In base 5, what is -31 - 10014234131?
-10014234212
In base 4, what is 3313 + 211301010?
211310323
In base 4, what is -221113320112 + 1322?
-221113312130
In base 7, what is -1042604 + -4210?
-1050114
In base 15, what is -10 - 393151c?
-393152c
In base 16, what is -b + -19387?
-19392
In base 12, what is 2a33 - 530?
2503
In base 9, what is -1771 - -140265?
137384
In base 12, what is 18 + 100427a?
1004296
In base 2, what is 101001000 + -111101110011110100?
-111101101110101100
In base 12, what is b1 + -5337?
-5246
In base 2, what is -101100 - 111000000111110111110?
-111000000111111101010
In base 9, what is -235052442 + 7?
-235052434
In base 13, what is b7 + 2163?
224a
In base 13, what is 5 + -21830549?
-21830544
In base 10, what is -4639640 - 34?
-4639674
In base 14, what is -572b7 + -31?
-57308
In base 10, what is -9524 + -650?
-10174
In base 13, what is 7728b15 + -4?
7728b11
In base 14, what is 330 - -12c21?
13151
In base 6, what is -2040 - -114213?
112133
In base 6, what is 3532 - 320125?
-312153
In base 16, what is -8963 + -25?
-8988
In base 4, what is -1120 + -103210001?
-103211121
In base 3, what is -20101110000 + -2001102?
-20110111102
In base 14, what is -18acd0 - -14?
-18acba
In base 11, what is -1116a6a - 9?
-1116a78
In base 15, what is 1756a0 + 3?
1756a3
In base 14, what is 4bd - -65b?
b3a
In base 14, what is 196 + 338d?
3545
In base 10, what is 11461 - -4656?
16117
In base 14, what is c + 1a6cd42?
1a6cd50
In base 5, what is 32 + -103143431?
-103143344
In base 16, what is -15 - 8332?
-8347
In base 14, what is c - -373b7?
373c5
In base 15, what is -1cba + -4b74?
-693e
In base 9, what is -63757506 - -1?
-63757505
In base 7, what is 100552 - 55650?
11602
In base 9, what is -520123 - -1331?
-517682
In base 13, what is 4b7 + -73650?
-73166
In base 12, what is -33003103 + 0?
-33003103
In base 10, what is 708 - 5683?
-4975
In base 8, what is 10713 + 2051?
12764
In base 13, what is -3 + -527437b?
-5274381
In base 14, what is -1 + 240bc2?
240bc1
In base 3, what is 12 + 120021121011112?
120021121011201
In base 12, what is -8500b - 17?
-85026
In base 11, what is 437a - 7564?
-3195
In base 11, what is -31 - 6830a1?
-683122
In base 14, what is -c36 + 158c?
756
In base 16, what is -57fa939 - -4?
-57fa935
In base 14, what is -3ad9 + -4?
-3add
In base 6, what is 5234121 + -112?
5234005
In base 3, what is -22210 - -110021002210?
110020210000
In base 6, what is -4 + -35300452042?
-35300452050
In base 9, what is -78815 + 7501?
-71314
In base 2, what is -10 + 1111011111110100011?
1111011111110100001
In base 9, what is 15 + -33407762?
-33407746
In bas